[INFO] fetching crate axum-jrpc 0.5.1...
[INFO] checking axum-jrpc-0.5.1 against master#9610dfe5a9a731ced1ea4923ecbd0c57fe367898 for beta-170-4
[INFO] extracting crate axum-jrpc 0.5.1 into /workspace/builds/worker-1-tc1/source
[INFO] validating manifest of crates.io crate axum-jrpc 0.5.1 on toolchain 9610dfe5a9a731ced1ea4923ecbd0c57fe367898
[INFO] running `Command { std: CARGO_HOME="/workspace/cargo-home" RUSTUP_HOME="/workspace/rustup-home" "/workspace/cargo-home/bin/cargo" "+9610dfe5a9a731ced1ea4923ecbd0c57fe367898" "metadata" "--manifest-path" "Cargo.toml" "--no-deps", kill_on_drop: false }`
[INFO] started tweaking crates.io crate axum-jrpc 0.5.1
[INFO] finished tweaking crates.io crate axum-jrpc 0.5.1
[INFO] tweaked toml for crates.io crate axum-jrpc 0.5.1 written to /workspace/builds/worker-1-tc1/source/Cargo.toml
[INFO] crate crates.io crate axum-jrpc 0.5.1 already has a lockfile, it will not be regenerated
[INFO] running `Command { std: CARGO_HOME="/workspace/cargo-home" RUSTUP_HOME="/workspace/rustup-home" "/workspace/cargo-home/bin/cargo" "+9610dfe5a9a731ced1ea4923ecbd0c57fe367898" "fetch" "--manifest-path" "Cargo.toml", kill_on_drop: false }`
[INFO] [stderr]     Updating crates.io index
[INFO] [stderr]  Downloading crates ...
[INFO] [stderr]   Downloaded axum-test-helper v0.2.0
[INFO] [stderr]   Downloaded value-trait v0.6.0
[INFO] [stderr]   Downloaded halfbrown v0.2.1
[INFO] [stderr]   Downloaded simd-json v0.9.1
[INFO] [stderr]   Downloaded lexical-core v0.8.5
[INFO] [stderr]   Downloaded lexical-util v0.8.5
[INFO] [stderr]   Downloaded lexical-write-float v0.8.5
[INFO] [stderr]   Downloaded lexical-parse-float v0.8.5
[INFO] [stderr]   Downloaded lexical-parse-integer v0.8.6
[INFO] [stderr]   Downloaded lexical-write-integer v0.8.5
[INFO] running `Command { std: "docker" "create" "-v" "/var/lib/crater-agent-workspace/builds/worker-1-tc1/target:/opt/rustwide/target:rw,Z" "-v" "/var/lib/crater-agent-workspace/builds/worker-1-tc1/source:/opt/rustwide/workdir:ro,Z" "-v" "/var/lib/crater-agent-workspace/cargo-home:/opt/rustwide/cargo-home:ro,Z" "-v" "/var/lib/crater-agent-workspace/rustup-home:/opt/rustwide/rustup-home:ro,Z" "-e" "SOURCE_DIR=/opt/rustwide/workdir" "-e" "CARGO_TARGET_DIR=/opt/rustwide/target" "-e" "CARGO_HOME=/opt/rustwide/cargo-home" "-e" "RUSTUP_HOME=/opt/rustwide/rustup-home" "-w" "/opt/rustwide/workdir" "-m" "1610612736" "--user" "0:0" "--network" "none" "ghcr.io/rust-lang/crates-build-env/linux@sha256:19e73879b68f455e41552ea35293514db52ea292d993f571636dbffedb77a1ee" "/opt/rustwide/cargo-home/bin/cargo" "+9610dfe5a9a731ced1ea4923ecbd0c57fe367898" "metadata" "--no-deps" "--format-version=1", kill_on_drop: false }`
[INFO] [stdout] eed9e7e3469316234db88d48c93fbd55a98bd34a73835b7a1e26c73b43b95445
[INFO] running `Command { std: "docker" "start" "-a" "eed9e7e3469316234db88d48c93fbd55a98bd34a73835b7a1e26c73b43b95445", kill_on_drop: false }`
[INFO] running `Command { std: "docker" "inspect" "eed9e7e3469316234db88d48c93fbd55a98bd34a73835b7a1e26c73b43b95445", kill_on_drop: false }`
[INFO] running `Command { std: "docker" "rm" "-f" "eed9e7e3469316234db88d48c93fbd55a98bd34a73835b7a1e26c73b43b95445", kill_on_drop: false }`
[INFO] [stdout] eed9e7e3469316234db88d48c93fbd55a98bd34a73835b7a1e26c73b43b95445
[INFO] running `Command { std: "docker" "create" "-v" "/var/lib/crater-agent-workspace/builds/worker-1-tc1/target:/opt/rustwide/target:rw,Z" "-v" "/var/lib/crater-agent-workspace/builds/worker-1-tc1/source:/opt/rustwide/workdir:ro,Z" "-v" "/var/lib/crater-agent-workspace/cargo-home:/opt/rustwide/cargo-home:ro,Z" "-v" "/var/lib/crater-agent-workspace/rustup-home:/opt/rustwide/rustup-home:ro,Z" "-e" "SOURCE_DIR=/opt/rustwide/workdir" "-e" "CARGO_TARGET_DIR=/opt/rustwide/target" "-e" "CARGO_INCREMENTAL=0" "-e" "RUST_BACKTRACE=full" "-e" "RUSTFLAGS=--cap-lints=forbid" "-e" "RUSTDOCFLAGS=--cap-lints=forbid" "-e" "CARGO_HOME=/opt/rustwide/cargo-home" "-e" "RUSTUP_HOME=/opt/rustwide/rustup-home" "-w" "/opt/rustwide/workdir" "-m" "1610612736" "--user" "0:0" "--network" "none" "ghcr.io/rust-lang/crates-build-env/linux@sha256:19e73879b68f455e41552ea35293514db52ea292d993f571636dbffedb77a1ee" "/opt/rustwide/cargo-home/bin/cargo" "+9610dfe5a9a731ced1ea4923ecbd0c57fe367898" "check" "--frozen" "--all" "--all-targets" "--message-format=json", kill_on_drop: false }`
[INFO] [stdout] 6e7d5efebc444ce9a07787112391cc0315028c9eb841dbde6af6c1674198aa15
[INFO] running `Command { std: "docker" "start" "-a" "6e7d5efebc444ce9a07787112391cc0315028c9eb841dbde6af6c1674198aa15", kill_on_drop: false }`
[INFO] [stderr]    Compiling proc-macro2 v1.0.56
[INFO] [stderr]    Compiling unicode-ident v1.0.6
[INFO] [stderr]    Compiling quote v1.0.26
[INFO] [stderr]    Compiling syn v1.0.107
[INFO] [stderr]    Compiling libc v0.2.139
[INFO] [stderr]    Compiling log v0.4.17
[INFO] [stderr]     Checking once_cell v1.17.1
[INFO] [stderr]    Compiling futures-core v0.3.26
[INFO] [stderr]     Checking smallvec v1.10.0
[INFO] [stderr]     Checking tracing-core v0.1.30
[INFO] [stderr]    Compiling parking_lot_core v0.9.7
[INFO] [stderr]    Compiling lock_api v0.4.9
[INFO] [stderr]     Checking itoa v1.0.5
[INFO] [stderr]    Compiling futures-task v0.3.26
[INFO] [stderr]    Compiling tokio v1.25.0
[INFO] [stderr]    Compiling futures-util v0.3.26
[INFO] [stderr]    Compiling rustversion v1.0.11
[INFO] [stderr]    Compiling serde_derive v1.0.152
[INFO] [stderr]     Checking http v0.2.8
[INFO] [stderr]    Compiling serde v1.0.152
[INFO] [stderr]    Compiling unicase v2.6.0
[INFO] [stderr]    Compiling indexmap v1.9.2
[INFO] [stderr]     Checking num_cpus v1.15.0
[INFO] [stderr]     Checking signal-hook-registry v1.4.1
[INFO] [stderr]     Checking mio v0.8.6
[INFO] [stderr]     Checking parking_lot v0.12.1
[INFO] [stderr]     Checking socket2 v0.4.7
[INFO] [stderr]    Compiling slab v0.4.7
[INFO] [stderr]     Checking http-body v0.4.5
[INFO] [stderr]     Checking futures-sink v0.3.26
[INFO] [stderr]    Compiling futures-channel v0.3.26
[INFO] [stderr]     Checking ryu v1.0.12
[INFO] [stderr]     Checking tinyvec_macros v0.1.1
[INFO] [stderr]    Compiling async-trait v0.1.68
[INFO] [stderr]    Compiling serde_json v1.0.93
[INFO] [stderr]     Checking mime v0.3.17
[INFO] [stderr]     Checking want v0.3.0
[INFO] [stderr]    Compiling axum-core v0.3.4
[INFO] [stderr]     Checking tinyvec v1.6.0
[INFO] [stderr]    Compiling syn v2.0.15
[INFO] [stderr]    Compiling axum v0.6.6
[INFO] [stderr]     Checking unicode-bidi v0.3.10
[INFO] [stderr]    Compiling mime_guess v2.0.4
[INFO] [stderr]     Checking http-range-header v0.3.0
[INFO] [stderr]     Checking regex-syntax v0.6.28
[INFO] [stderr]     Checking sync_wrapper v0.1.2
[INFO] [stderr]     Checking matchit v0.7.0
[INFO] [stderr]    Compiling thiserror v1.0.38
[INFO] [stderr]     Checking encoding_rs v0.8.32
[INFO] [stderr]     Checking overload v0.1.1
[INFO] [stderr]     Checking unicode-normalization v0.1.22
[INFO] [stderr]     Checking base64 v0.21.0
[INFO] [stderr]    Compiling anyhow v1.0.69
[INFO] [stderr]     Checking ipnet v2.7.1
[INFO] [stderr]     Checking nu-ansi-term v0.46.0
[INFO] [stderr]     Checking idna v0.3.0
[INFO] [stderr]     Checking tracing-log v0.1.3
[INFO] [stderr]     Checking sharded-slab v0.1.4
[INFO] [stderr]     Checking thread_local v1.1.7
[INFO] [stderr]     Checking url v2.3.1
[INFO] [stderr]     Checking regex-automata v0.1.10
[INFO] [stderr]     Checking regex v1.7.1
[INFO] [stderr]     Checking matchers v0.1.0
[INFO] [stderr]    Compiling tracing-attributes v0.1.23
[INFO] [stderr]    Compiling tokio-macros v1.8.2
[INFO] [stderr]    Compiling pin-project-internal v1.0.12
[INFO] [stderr]    Compiling thiserror-impl v1.0.38
[INFO] [stderr]     Checking pin-project v1.0.12
[INFO] [stderr]     Checking tracing v0.1.37
[INFO] [stderr]     Checking tracing-subscriber v0.3.16
[INFO] [stderr]     Checking tokio-util v0.7.7
[INFO] [stderr]     Checking tower v0.4.13
[INFO] [stderr]     Checking tower-http v0.3.5
[INFO] [stderr]     Checking h2 v0.3.15
[INFO] [stderr]     Checking serde_urlencoded v0.7.1
[INFO] [stderr]     Checking serde_path_to_error v0.1.9
[INFO] [stderr]     Checking hyper v0.14.24
[INFO] [stderr]     Checking reqwest v0.11.14
[INFO] [stderr]     Checking axum-test-helper v0.2.0
[INFO] [stderr]     Checking axum-jrpc v0.5.1 (/opt/rustwide/workdir)
[INFO] [stdout] error: features `serde_json` and `simd` are mutually exclusive
[INFO] [stdout]   --> src/lib.rs:61:9
[INFO] [stdout]    |
[INFO] [stdout] 61 |         compile_error!("features `serde_json` and `simd` are mutually exclusive");
[INFO] [stdout]    |         ^^^^^^^^^^^^^^^^^^^^^^^^^^^^^^^^^^^^^^^^^^^^^^^^^^^^^^^^^^^^^^^^^^^^^^^^^
[INFO] [stdout] 
[INFO] [stdout] 
[INFO] [stdout] error[E0412]: cannot find type `Value` in this scope
[INFO] [stdout]   --> src/lib.rs:72:17
[INFO] [stdout]    |
[INFO] [stdout] 72 |     pub params: Value,
[INFO] [stdout]    |                 ^^^^^ not found in this scope
[INFO] [stdout] 
[INFO] [stdout] 
[INFO] [stdout] error[E0412]: cannot find type `Value` in this scope
[INFO] [stdout]   --> src/lib.rs:85:25
[INFO] [stdout]    |
[INFO] [stdout] 85 |             params: &'a Value,
[INFO] [stdout]    |                         ^^^^^ not found in this scope
[INFO] [stdout] 
[INFO] [stdout] 
[INFO] [stdout] error[E0412]: cannot find type `Value` in this scope
[INFO] [stdout]    --> src/lib.rs:111:21
[INFO] [stdout]     |
[INFO] [stdout] 111 |             params: Value,
[INFO] [stdout]     |                     ^^^^^ not found in this scope
[INFO] [stdout] 
[INFO] [stdout] 
[INFO] [stdout] error[E0412]: cannot find type `Value` in this scope
[INFO] [stdout]    --> src/lib.rs:111:21
[INFO] [stdout]     |
[INFO] [stdout] 111 |             params: Value,
[INFO] [stdout]     |                     ^^^^^
[INFO] [stdout]     |
[INFO] [stdout] help: you might have meant to use the associated type
[INFO] [stdout]     |
[INFO] [stdout] 111 |             params: Self::Value,
[INFO] [stdout]     |                     ~~~~~~~~~~~
[INFO] [stdout] help: you might be missing a type parameter
[INFO] [stdout]     |
[INFO] [stdout] 106 |         struct Helper<'a, Value> {
[INFO] [stdout]     |                         +++++++
[INFO] [stdout] 
[INFO] [stdout] 
[INFO] [stdout] error[E0412]: cannot find type `Value` in this scope
[INFO] [stdout]    --> src/lib.rs:146:17
[INFO] [stdout]     |
[INFO] [stdout] 146 |     pub parsed: Value,
[INFO] [stdout]     |                 ^^^^^ not found in this scope
[INFO] [stdout] 
[INFO] [stdout] 
[INFO] [stdout] error[E0425]: cannot find value `parsed` in this scope
[INFO] [stdout]    --> src/lib.rs:272:21
[INFO] [stdout]     |
[INFO] [stdout] 272 |             parsed: parsed.params,
[INFO] [stdout]     |                     ^^^^^^ a field by this name exists in `Self`
[INFO] [stdout] 
[INFO] [stdout] 
[INFO] [stdout] error[E0425]: cannot find value `parsed` in this scope
[INFO] [stdout]    --> src/lib.rs:273:21
[INFO] [stdout]     |
[INFO] [stdout] 273 |             method: parsed.method,
[INFO] [stdout]     |                     ^^^^^^ a field by this name exists in `Self`
[INFO] [stdout] 
[INFO] [stdout] 
[INFO] [stdout] error[E0425]: cannot find value `parsed` in this scope
[INFO] [stdout]    --> src/lib.rs:274:17
[INFO] [stdout]     |
[INFO] [stdout] 274 |             id: parsed.id,
[INFO] [stdout]     |                 ^^^^^^ a field by this name exists in `Self`
[INFO] [stdout] 
[INFO] [stdout] 
[INFO] [stdout] error[E0412]: cannot find type `JsonRpcError` in this scope
[INFO] [stdout]    --> src/lib.rs:350:34
[INFO] [stdout]     |
[INFO] [stdout] 350 |     pub fn error(id: i64, error: JsonRpcError) -> Self {
[INFO] [stdout]     |                                  ^^^^^^^^^^^^ not found in this scope
[INFO] [stdout] 
[INFO] [stdout] 
[INFO] [stdout] error[E0412]: cannot find type `Value` in this scope
[INFO] [stdout]    --> src/lib.rs:418:12
[INFO] [stdout]     |
[INFO] [stdout] 418 |     Result(Value),
[INFO] [stdout]     |            ^^^^^ not found in this scope
[INFO] [stdout] 
[INFO] [stdout] 
[INFO] [stdout] error[E0412]: cannot find type `JsonRpcError` in this scope
[INFO] [stdout]    --> src/lib.rs:419:11
[INFO] [stdout]     |
[INFO] [stdout] 419 |     Error(JsonRpcError),
[INFO] [stdout]     |           ^^^^^^^^^^^^ not found in this scope
[INFO] [stdout] 
[INFO] [stdout] 
[INFO] [stdout] error[E0412]: cannot find type `Value` in this scope
[INFO] [stdout]    --> src/lib.rs:418:12
[INFO] [stdout]     |
[INFO] [stdout] 418 |     Result(Value),
[INFO] [stdout]     |            ^^^^^ help: you might have meant to use the associated type: `Self::Value`
[INFO] [stdout] 
[INFO] [stdout] 
[INFO] [stdout] error[E0308]: mismatched types
[INFO] [stdout]    --> src/lib.rs:156:55
[INFO] [stdout]     |
[INFO] [stdout] 156 |     pub fn parse_params<T: DeserializeOwned>(self) -> Result<T, JsonRpcResponse> {
[INFO] [stdout]     |            ------------                               ^^^^^^^^^^^^^^^^^^^^^^^^^^ expected `Result<T, JsonRpcResponse>`, found `()`
[INFO] [stdout]     |            |
[INFO] [stdout]     |            implicitly returns `()` as its body has no tail or `return` expression
[INFO] [stdout]     |
[INFO] [stdout]     = note:   expected enum `Result<T, JsonRpcResponse>`
[INFO] [stdout]             found unit type `()`
[INFO] [stdout] 
[INFO] [stdout] 
[INFO] [stdout] error[E0433]: failed to resolve: use of undeclared type `JsonRpcError`
[INFO] [stdout]    --> src/lib.rs:192:21
[INFO] [stdout]     |
[INFO] [stdout] 192 |         let error = JsonRpcError::new(
[INFO] [stdout]     |                     ^^^^^^^^^^^^ use of undeclared type `JsonRpcError`
[INFO] [stdout] 
[INFO] [stdout] 
[INFO] [stdout] error[E0433]: failed to resolve: use of undeclared type `JsonRpcErrorReason`
[INFO] [stdout]    --> src/lib.rs:193:13
[INFO] [stdout]     |
[INFO] [stdout] 193 |             JsonRpcErrorReason::MethodNotFound,
[INFO] [stdout]     |             ^^^^^^^^^^^^^^^^^^ use of undeclared type `JsonRpcErrorReason`
[INFO] [stdout] 
[INFO] [stdout] 
[INFO] [stdout] error[E0433]: failed to resolve: use of undeclared type `Value`
[INFO] [stdout]    --> src/lib.rs:195:13
[INFO] [stdout]     |
[INFO] [stdout] 195 |             Value::default(),
[INFO] [stdout]     |             ^^^^^ use of undeclared type `Value`
[INFO] [stdout] 
[INFO] [stdout] 
[INFO] [stdout] error: features `serde_json` and `simd` are mutually exclusive
[INFO] [stdout]   --> src/lib.rs:61:9
[INFO] [stdout]    |
[INFO] [stdout] 61 |         compile_error!("features `serde_json` and `simd` are mutually exclusive");
[INFO] [stdout]    |         ^^^^^^^^^^^^^^^^^^^^^^^^^^^^^^^^^^^^^^^^^^^^^^^^^^^^^^^^^^^^^^^^^^^^^^^^^
[INFO] [stdout] 
[INFO] [stdout] 
[INFO] [stdout] error[E0433]: failed to resolve: use of undeclared type `JsonRpcError`
[INFO] [stdout]    --> src/lib.rs:216:46
[INFO] [stdout]     |
[INFO] [stdout] 216 |                 result: JsonRpcAnswer::Error(JsonRpcError::new(
[INFO] [stdout]     |                                              ^^^^^^^^^^^^ use of undeclared type `JsonRpcError`
[INFO] [stdout] 
[INFO] [stdout] 
[INFO] [stdout] error[E0433]: failed to resolve: use of undeclared type `JsonRpcErrorReason`
[INFO] [stdout]    --> src/lib.rs:217:21
[INFO] [stdout]     |
[INFO] [stdout] 217 |                     JsonRpcErrorReason::InvalidRequest,
[INFO] [stdout]     |                     ^^^^^^^^^^^^^^^^^^ use of undeclared type `JsonRpcErrorReason`
[INFO] [stdout] 
[INFO] [stdout] 
[INFO] [stdout] error[E0433]: failed to resolve: use of undeclared type `Value`
[INFO] [stdout]    --> src/lib.rs:219:21
[INFO] [stdout]     |
[INFO] [stdout] 219 |                     Value::default(),
[INFO] [stdout]     |                     ^^^^^ use of undeclared type `Value`
[INFO] [stdout] 
[INFO] [stdout] 
[INFO] [stdout] error[E0433]: failed to resolve: use of undeclared type `JsonRpcError`
[INFO] [stdout]    --> src/lib.rs:230:50
[INFO] [stdout]     |
[INFO] [stdout] 230 |                     result: JsonRpcAnswer::Error(JsonRpcError::new(
[INFO] [stdout]     |                                                  ^^^^^^^^^^^^ use of undeclared type `JsonRpcError`
[INFO] [stdout] 
[INFO] [stdout] 
[INFO] [stdout] error[E0433]: failed to resolve: use of undeclared type `JsonRpcErrorReason`
[INFO] [stdout]    --> src/lib.rs:231:25
[INFO] [stdout]     |
[INFO] [stdout] 231 |                         JsonRpcErrorReason::InvalidRequest,
[INFO] [stdout]     |                         ^^^^^^^^^^^^^^^^^^ use of undeclared type `JsonRpcErrorReason`
[INFO] [stdout] 
[INFO] [stdout] 
[INFO] [stdout] error[E0433]: failed to resolve: use of undeclared type `Value`
[INFO] [stdout]    --> src/lib.rs:233:25
[INFO] [stdout]     |
[INFO] [stdout] 233 |                         Value::default(),
[INFO] [stdout]     |                         ^^^^^ use of undeclared type `Value`
[INFO] [stdout] 
[INFO] [stdout] 
[INFO] [stdout] error[E0308]: mismatched types
[INFO] [stdout]    --> src/lib.rs:320:57
[INFO] [stdout]     |
[INFO] [stdout] 320 |     pub fn success<T: Serialize>(id: i64, result: T) -> Self {
[INFO] [stdout]     |            -------                                      ^^^^ expected `JsonRpcResponse`, found `()`
[INFO] [stdout]     |            |
[INFO] [stdout]     |            implicitly returns `()` as its body has no tail or `return` expression
[INFO] [stdout] 
[INFO] [stdout] 
[INFO] [stdout] error: aborting due to 24 previous errors
[INFO] [stdout] 
[INFO] [stdout] 
[INFO] [stdout] Some errors have detailed explanations: E0308, E0412, E0425, E0433.
[INFO] [stdout] 
[INFO] [stdout] For more information about an error, try `rustc --explain E0308`.
[INFO] [stdout] 
[INFO] [stderr] error: could not compile `axum-jrpc` (lib) due to 25 previous errors
[INFO] [stderr] warning: build failed, waiting for other jobs to finish...
[INFO] [stdout] error[E0412]: cannot find type `Value` in this scope
[INFO] [stdout]   --> src/lib.rs:72:17
[INFO] [stdout]    |
[INFO] [stdout] 72 |     pub params: Value,
[INFO] [stdout]    |                 ^^^^^ not found in this scope
[INFO] [stdout]    |
[INFO] [stdout] help: consider importing this trait
[INFO] [stdout]    |
[INFO] [stdout] 38 + use tracing::Value;
[INFO] [stdout]    |
[INFO] [stdout] 
[INFO] [stdout] 
[INFO] [stdout] error[E0412]: cannot find type `Value` in this scope
[INFO] [stdout]   --> src/lib.rs:85:25
[INFO] [stdout]    |
[INFO] [stdout] 85 |             params: &'a Value,
[INFO] [stdout]    |                         ^^^^^ not found in this scope
[INFO] [stdout]    |
[INFO] [stdout] help: consider importing this trait
[INFO] [stdout]    |
[INFO] [stdout] 38 + use tracing::Value;
[INFO] [stdout]    |
[INFO] [stdout] 
[INFO] [stdout] 
[INFO] [stdout] error[E0412]: cannot find type `Value` in this scope
[INFO] [stdout]    --> src/lib.rs:111:21
[INFO] [stdout]     |
[INFO] [stdout] 111 |             params: Value,
[INFO] [stdout]     |                     ^^^^^ not found in this scope
[INFO] [stdout]     |
[INFO] [stdout] help: consider importing this trait
[INFO] [stdout]     |
[INFO] [stdout] 38  + use tracing::Value;
[INFO] [stdout]     |
[INFO] [stdout] 
[INFO] [stdout] 
[INFO] [stdout] error[E0412]: cannot find type `Value` in this scope
[INFO] [stdout]    --> src/lib.rs:111:21
[INFO] [stdout]     |
[INFO] [stdout] 111 |             params: Value,
[INFO] [stdout]     |                     ^^^^^
[INFO] [stdout]     |
[INFO] [stdout] help: you might have meant to use the associated type
[INFO] [stdout]     |
[INFO] [stdout] 111 |             params: Self::Value,
[INFO] [stdout]     |                     ~~~~~~~~~~~
[INFO] [stdout] help: consider importing this trait
[INFO] [stdout]     |
[INFO] [stdout] 38  + use tracing::Value;
[INFO] [stdout]     |
[INFO] [stdout] 
[INFO] [stdout] 
[INFO] [stdout] error[E0412]: cannot find type `Value` in this scope
[INFO] [stdout]    --> src/lib.rs:146:17
[INFO] [stdout]     |
[INFO] [stdout] 146 |     pub parsed: Value,
[INFO] [stdout]     |                 ^^^^^ not found in this scope
[INFO] [stdout]     |
[INFO] [stdout] help: consider importing this trait
[INFO] [stdout]     |
[INFO] [stdout] 38  + use tracing::Value;
[INFO] [stdout]     |
[INFO] [stdout] 
[INFO] [stdout] 
[INFO] [stdout] error[E0433]: failed to resolve: use of undeclared type `Value`
[INFO] [stdout]    --> src/lib.rs:195:13
[INFO] [stdout]     |
[INFO] [stdout] 195 |             Value::default(),
[INFO] [stdout]     |             ^^^^^ use of undeclared type `Value`
[INFO] [stdout]     |
[INFO] [stdout] help: consider importing this trait
[INFO] [stdout]     |
[INFO] [stdout] 38  + use tracing::Value;
[INFO] [stdout]     |
[INFO] [stdout] 
[INFO] [stdout] 
[INFO] [stdout] error[E0433]: failed to resolve: use of undeclared type `Value`
[INFO] [stdout]    --> src/lib.rs:219:21
[INFO] [stdout]     |
[INFO] [stdout] 219 |                     Value::default(),
[INFO] [stdout]     |                     ^^^^^ use of undeclared type `Value`
[INFO] [stdout]     |
[INFO] [stdout] help: consider importing this trait
[INFO] [stdout]     |
[INFO] [stdout] 38  + use tracing::Value;
[INFO] [stdout]     |
[INFO] [stdout] 
[INFO] [stdout] 
[INFO] [stdout] error[E0433]: failed to resolve: use of undeclared type `Value`
[INFO] [stdout]    --> src/lib.rs:233:25
[INFO] [stdout]     |
[INFO] [stdout] 233 |                         Value::default(),
[INFO] [stdout]     |                         ^^^^^ use of undeclared type `Value`
[INFO] [stdout]     |
[INFO] [stdout] help: consider importing this trait
[INFO] [stdout]     |
[INFO] [stdout] 38  + use tracing::Value;
[INFO] [stdout]     |
[INFO] [stdout] 
[INFO] [stdout] 
[INFO] [stdout] error[E0425]: cannot find value `parsed` in this scope
[INFO] [stdout]    --> src/lib.rs:272:21
[INFO] [stdout]     |
[INFO] [stdout] 272 |             parsed: parsed.params,
[INFO] [stdout]     |                     ^^^^^^ a field by this name exists in `Self`
[INFO] [stdout] 
[INFO] [stdout] 
[INFO] [stdout] error[E0425]: cannot find value `parsed` in this scope
[INFO] [stdout]    --> src/lib.rs:273:21
[INFO] [stdout]     |
[INFO] [stdout] 273 |             method: parsed.method,
[INFO] [stdout]     |                     ^^^^^^ a field by this name exists in `Self`
[INFO] [stdout] 
[INFO] [stdout] 
[INFO] [stdout] error[E0425]: cannot find value `parsed` in this scope
[INFO] [stdout]    --> src/lib.rs:274:17
[INFO] [stdout]     |
[INFO] [stdout] 274 |             id: parsed.id,
[INFO] [stdout]     |                 ^^^^^^ a field by this name exists in `Self`
[INFO] [stdout] 
[INFO] [stdout] 
[INFO] [stdout] error[E0412]: cannot find type `JsonRpcError` in this scope
[INFO] [stdout]    --> src/lib.rs:350:34
[INFO] [stdout]     |
[INFO] [stdout] 350 |     pub fn error(id: i64, error: JsonRpcError) -> Self {
[INFO] [stdout]     |                                  ^^^^^^^^^^^^ not found in this scope
[INFO] [stdout] 
[INFO] [stdout] 
[INFO] [stdout] error[E0412]: cannot find type `Value` in this scope
[INFO] [stdout]    --> src/lib.rs:418:12
[INFO] [stdout]     |
[INFO] [stdout] 418 |     Result(Value),
[INFO] [stdout]     |            ^^^^^ not found in this scope
[INFO] [stdout]     |
[INFO] [stdout] help: consider importing this trait
[INFO] [stdout]     |
[INFO] [stdout] 38  + use tracing::Value;
[INFO] [stdout]     |
[INFO] [stdout] 
[INFO] [stdout] 
[INFO] [stdout] error[E0412]: cannot find type `JsonRpcError` in this scope
[INFO] [stdout]    --> src/lib.rs:419:11
[INFO] [stdout]     |
[INFO] [stdout] 419 |     Error(JsonRpcError),
[INFO] [stdout]     |           ^^^^^^^^^^^^ not found in this scope
[INFO] [stdout] 
[INFO] [stdout] 
[INFO] [stdout] error[E0412]: cannot find type `Value` in this scope
[INFO] [stdout]    --> src/lib.rs:418:12
[INFO] [stdout]     |
[INFO] [stdout] 418 |     Result(Value),
[INFO] [stdout]     |            ^^^^^
[INFO] [stdout]     |
[INFO] [stdout] help: you might have meant to use the associated type
[INFO] [stdout]     |
[INFO] [stdout] 418 |     Result(Self::Value),
[INFO] [stdout]     |            ~~~~~~~~~~~
[INFO] [stdout] help: consider importing this trait
[INFO] [stdout]     |
[INFO] [stdout] 38  + use tracing::Value;
[INFO] [stdout]     |
[INFO] [stdout] 
[INFO] [stdout] 
[INFO] [stdout] error[E0308]: mismatched types
[INFO] [stdout]    --> src/lib.rs:156:55
[INFO] [stdout]     |
[INFO] [stdout] 156 |     pub fn parse_params<T: DeserializeOwned>(self) -> Result<T, JsonRpcResponse> {
[INFO] [stdout]     |            ------------                               ^^^^^^^^^^^^^^^^^^^^^^^^^^ expected `Result<T, JsonRpcResponse>`, found `()`
[INFO] [stdout]     |            |
[INFO] [stdout]     |            implicitly returns `()` as its body has no tail or `return` expression
[INFO] [stdout]     |
[INFO] [stdout]     = note:   expected enum `Result<T, JsonRpcResponse>`
[INFO] [stdout]             found unit type `()`
[INFO] [stdout] 
[INFO] [stdout] 
[INFO] [stdout] error[E0433]: failed to resolve: use of undeclared type `JsonRpcError`
[INFO] [stdout]    --> src/lib.rs:192:21
[INFO] [stdout]     |
[INFO] [stdout] 192 |         let error = JsonRpcError::new(
[INFO] [stdout]     |                     ^^^^^^^^^^^^ use of undeclared type `JsonRpcError`
[INFO] [stdout] 
[INFO] [stdout] 
[INFO] [stdout] error[E0433]: failed to resolve: use of undeclared type `JsonRpcErrorReason`
[INFO] [stdout]    --> src/lib.rs:193:13
[INFO] [stdout]     |
[INFO] [stdout] 193 |             JsonRpcErrorReason::MethodNotFound,
[INFO] [stdout]     |             ^^^^^^^^^^^^^^^^^^ use of undeclared type `JsonRpcErrorReason`
[INFO] [stdout] 
[INFO] [stdout] 
[INFO] [stdout] error[E0433]: failed to resolve: use of undeclared type `JsonRpcError`
[INFO] [stdout]    --> src/lib.rs:216:46
[INFO] [stdout]     |
[INFO] [stdout] 216 |                 result: JsonRpcAnswer::Error(JsonRpcError::new(
[INFO] [stdout]     |                                              ^^^^^^^^^^^^ use of undeclared type `JsonRpcError`
[INFO] [stdout] 
[INFO] [stdout] 
[INFO] [stdout] error[E0433]: failed to resolve: use of undeclared type `JsonRpcErrorReason`
[INFO] [stdout]    --> src/lib.rs:217:21
[INFO] [stdout]     |
[INFO] [stdout] 217 |                     JsonRpcErrorReason::InvalidRequest,
[INFO] [stdout]     |                     ^^^^^^^^^^^^^^^^^^ use of undeclared type `JsonRpcErrorReason`
[INFO] [stdout] 
[INFO] [stdout] 
[INFO] [stdout] error[E0433]: failed to resolve: use of undeclared type `JsonRpcError`
[INFO] [stdout]    --> src/lib.rs:230:50
[INFO] [stdout]     |
[INFO] [stdout] 230 |                     result: JsonRpcAnswer::Error(JsonRpcError::new(
[INFO] [stdout]     |                                                  ^^^^^^^^^^^^ use of undeclared type `JsonRpcError`
[INFO] [stdout] 
[INFO] [stdout] 
[INFO] [stdout] error[E0433]: failed to resolve: use of undeclared type `JsonRpcErrorReason`
[INFO] [stdout]    --> src/lib.rs:231:25
[INFO] [stdout]     |
[INFO] [stdout] 231 |                         JsonRpcErrorReason::InvalidRequest,
[INFO] [stdout]     |                         ^^^^^^^^^^^^^^^^^^ use of undeclared type `JsonRpcErrorReason`
[INFO] [stdout] 
[INFO] [stdout] 
[INFO] [stdout] error[E0308]: mismatched types
[INFO] [stdout]    --> src/lib.rs:320:57
[INFO] [stdout]     |
[INFO] [stdout] 320 |     pub fn success<T: Serialize>(id: i64, result: T) -> Self {
[INFO] [stdout]     |            -------                                      ^^^^ expected `JsonRpcResponse`, found `()`
[INFO] [stdout]     |            |
[INFO] [stdout]     |            implicitly returns `()` as its body has no tail or `return` expression
[INFO] [stdout] 
[INFO] [stdout] 
[INFO] [stdout] error: aborting due to 24 previous errors
[INFO] [stdout] 
[INFO] [stdout] 
[INFO] [stdout] Some errors have detailed explanations: E0308, E0412, E0425, E0433.
[INFO] [stdout] 
[INFO] [stdout] For more information about an error, try `rustc --explain E0308`.
[INFO] [stdout] 
[INFO] [stderr] error: could not compile `axum-jrpc` (lib test) due to 25 previous errors
[INFO] running `Command { std: "docker" "inspect" "6e7d5efebc444ce9a07787112391cc0315028c9eb841dbde6af6c1674198aa15", kill_on_drop: false }`
[INFO] running `Command { std: "docker" "rm" "-f" "6e7d5efebc444ce9a07787112391cc0315028c9eb841dbde6af6c1674198aa15", kill_on_drop: false }`
[INFO] [stdout] 6e7d5efebc444ce9a07787112391cc0315028c9eb841dbde6af6c1674198aa15
